Let h = 5 - 12. Let y = h + 14. What is the units digit of y?
7
Let r(n) = 2*n + 13. Let p(x) = -x - 6. Let c(t) = 7*p(t) + 4*r(t). What is the units digit of c(-5)?
5
Let p = 0 - 3. Let h be ((-4)/6)/(17/(-51)). What is the units digit of 0 + p - (h + -8)?
3
What is the units digit of (-2)/14 + (-18216)/(-161)?
3
Let i(s) be the first derivative of 0*s**2 + 2/3*s**3 - 1 + s. What is the units digit of i(1)?
3
Let v(n) = n**3 + n**2 + n + 2. Let w be v(0). Let q be 3/((-3)/w) + 5. Suppose 2 = -5*t - 3*s + 13, 0 = 5*t - q*s + 1. What is the units digit of t?
1
Let z(y) = y**3 + 11*y**2 - y + 5. What is the tens digit of z(-11)?
1
Suppose -7 = 3*z - 4*o, -4*z + 2*o = -o + 14. Let m = z + 7. What is the units digit of (-3 + 6 - m) + 0?
1
Let j = -5 - -5. Suppose b = -3, 5*b = -j*h + 4*h - 103. Suppose 0 = -4*l + 3*l - 2*z + h, -10 = -2*z. What is the units digit of l?
2
Let q = 21 + -9. What is the units digit of q?
2
Let o = 93 + -64. What is the units digit of o?
9
What is the units digit of -2 + 1 - (-60 - 3)?
2
Let m be (16/20)/((-4)/(-30)). Suppose -m = s - 2*s. What is the units digit of s?
6
Let m be 0*2/8*2. Suppose u - 5*u - 24 = m. Let j(k) = -k**3 - 5*k**2 + 3*k - 3. What is the units digit of j(u)?
5
Let x(p) = -4 - p + p - p + p**2 + 2. What is the units digit of x(-3)?
0
Suppose -8 = 5*u - 4*d, 0 = -4*u + u + 4*d - 8. Suppose u*x - x + 1 = 0. Let b = x + 1. What is the units digit of b?
2
Suppose 4*g - 57 = -17. Suppose g = -3*a + 25. What is the units digit of a?
5
What is the units digit of (2/(-4)*-2)/(11/869)?
9
What is the units digit of 40/140 - (-411)/7?
9
Suppose -2*x = 3*x - 3*l, -4*x = -l. Suppose x = 4*t + 5*q - 100, 6 - 2 = q. What is the tens digit of t?
2
Suppose 0 = -3*j + 13 - 1. Suppose -2*x = 8, -j*k + 3*x = x - 60. Suppose -k = -2*s + 7. What is the tens digit of s?
1
Suppose -j - 2*j - 3 = 0. What is the units digit of (1/(j/(-16)))/2?
8
Suppose -r + 9 = -15. What is the tens digit of r?
2
Suppose -8 = o - 2*o. Let q = o + 26. What is the units digit of q?
4
Let n(k) be the third derivative of 23*k**4/24 - k**3/6 + 2*k**2. What is the units digit of n(1)?
2
Suppose a + 2 - 5 = 0. Suppose -5*s = -a*n + 54, n - s = 2*n - 18. What is the tens digit of n?
1
Let o be ((-24)/(-9))/4*3. What is the units digit of 119/7*(o + -1)?
7
Let p = -39 + 58. Suppose -3*y - p = 5*i, 4*i = -0*i + 3*y + 1. What is the units digit of (i - -2) + 2 - -4?
6
Let g(o) = 0*o + 0*o + 4*o + 2*o. Suppose 0 = l - k + 2 - 0, 2*l - 17 = -5*k. What is the units digit of g(l)?
6
Let c = -33 - -66. What is the tens digit of c?
3
Suppose 3*t = 2*t - 9. Let s be t/6*10/(-3). Suppose 0 = -s*o + 5. What is the units digit of o?
1
Suppose x + 4*o - 35 + 11 = 0, x + 2*o - 26 = 0. What is the tens digit of x?
2
What is the units digit of (-3)/3 + (-50)/(-2)?
4
Suppose 5*y + 5 = 0, -2*y + y - 20 = -h. Suppose 0*m - 2*s - 13 = -3*m, -m = 4*s + h. What is the units digit of m?
1
Let m = 159 - 105. Let o = m - 35. What is the units digit of o?
9
Suppose -3*d + 28 = 10. What is the units digit of d?
6
Let n(q) = -1. Let g(b) = b + 8. Let a(v) = g(v) - 6*n(v). What is the tens digit of a(0)?
1
Let w be 8/10*(-75)/(-6). Let v = 18 - w. What is the units digit of v?
8
Suppose -34 = 4*v + 2*n, -5*v + 2*n = 7*n + 40. What is the units digit of (-1)/2*v*2?
9
Let u(f) be the second derivative of -f**5/20 + f**4/12 + f**3/2 + f**2/2 + 2*f. Let q be ((-6)/(-4))/((-36)/48). What is the units digit of u(q)?
7
Suppose -198 = -20*s + 18*s. What is the tens digit of s?
9
Let d be 8/(-6)*(-3)/2. Suppose -5*f + 4*j + 57 = 0, 3*j = d*f - 2*j - 16. What is the tens digit of f?
1
Suppose 5*z + 4*g - 8 = 0, 3*g - 5*g - 2 = z. Suppose z*f = 1 + 3, -11 = -u + 4*f. Suppose -2*q - y + 2 = 0, -5*q + 4*y + 3 = -u. What is the units digit of q?
2
Let i(u) = 3*u**2 + u - 8. What is the units digit of i(3)?
2
Let u = 153 - -6. What is the hundreds digit of u?
1
Let o be 6/(-6) - 6/(-2). Suppose 7 - o = b. What is the units digit of b?
5
What is the tens digit of 1/2*0 + (129 - 7)?
2
Let r(l) = -l + 12. Let u(n) = -2*n**3 - 3*n**2 + n - 4. Let f be u(-3). Let t = 30 - f. What is the units digit of r(t)?
2
Suppose 6*w + 8 - 254 = 0. What is the units digit of w?
1
Suppose 6*d + 0*d - 1188 = 0. What is the tens digit of d?
9
Let q(p) = -p**3 - 2*p**2 + p + 2. What is the units digit of q(-5)?
2
Let l(j) = 2*j**2 - j + 1. Let m be l(1). Suppose 0 = -2*z - m*z - 48. Let u = z + 22. What is the tens digit of u?
1
Let g be -16 - -5 - (2 - 0). Let o = g + 19. Let a = 7 - o. What is the units digit of a?
1
Suppose 0 = -2*g - 3*v - 14 + 116, 2*v + 102 = 2*g. What is the units digit of g?
1
Suppose -v + 414 - 79 = 4*n, -n + 77 = -2*v. What is the tens digit of n?
8
Suppose -4*r = 12, -170 = -2*v - 3*r + 141. What is the units digit of v?
0
Let l = -201 - -441. What is the hundreds digit of l?
2
What is the units digit of 3 - (-5 + 3)/((-1)/(-46))?
5
Let c = -7 + -1. What is the tens digit of -1 - (-4)/(c/(-50))?
2
Suppose 4*j - 2*v - 98 = -40, 0 = -5*j + 3*v + 74. What is the tens digit of j?
1
What is the units digit of -3 - ((-8)/(-10))/(16/(-5000))?
7
Let k = 53 + -35. Suppose -3*g = 4*y - k, -3*g + 30 = 2*g - 5*y. What is the units digit of g?
6
Suppose 3*w + 2*m = -3*m - 54, -9 = 3*m. Let r(k) = k + 15. Let a be r(w). Let p(i) = 2*i**3 - 2*i**2 - i. What is the units digit of p(a)?
6
Suppose 0 = -4*z + 6 - 2. Suppose 3*k = 3*r + 2*k - 26, -53 = -4*r + 5*k. What is the tens digit of (z - -1) + r + 2?
1
Let d = 160 + -135. What is the tens digit of d?
2
Let z = 26 - 23. Suppose -b + 9 = -z. What is the units digit of b?
2
Let r = 3 + -4. What is the units digit of (-1)/(r + 28/30)?
5
Let h(a) = -a. Let c be h(-4). Suppose c*s + 9 + 7 = 0. What is the tens digit of s/18 - 92/(-9)?
1
Let w(p) = 2 - 2*p - 2 + 3*p + 3. What is the units digit of w(7)?
0
Let d be (-12)/42 - 32/(-14). Suppose 2*q + d = 12. What is the units digit of q?
5
Let q = 8 + -3. Suppose -5*p = -3*v, 2*p = -q*v + v + 26. Let m = 18 - p. What is the tens digit of m?
1
Suppose 4*h - 2 - 10 = 0. Let t be -1*(-2 + 2)/(-2). Suppose t = -m + 4*m - 3*w - 6, 0 = -m + h*w. What is the units digit of m?
3
Suppose 0 = -j + 4 + 4. What is the units digit of j?
8
Suppose 2*f - 14 = -2*t, 4*t - 5 = -3*f + 5*t. Suppose -6 = -4*o + f*o. Suppose 0 = 4*g - o*g + 14. What is the units digit of g?
7
Let k be 9/6 - 2/(-4). Suppose -r = u + 2, u = -2*r + 4 - k. What is the units digit of (u/4)/((-15)/50)?
5
What is the units digit of (-1 + (-31)/4)*-8?
0
Let j(h) = h - 3. Let o be j(8). Suppose -q = -o*q - 56. Let r = 20 + q. What is the units digit of r?
6
Suppose -4*a + 8 = 0, -5*a = 4*q + 12 - 130. What is the units digit of q?
7
Let r = 39 - 12. What is the units digit of r?
7
Suppose 0 = -2*m + 4*n + 50, -2*m + 4*n = -3*m + 13. Suppose 2*a - m = -5*o, 0*a - 1 = -2*a - o. What is the units digit of 16/(-6)*(a - 1)?
8
Let d(r) be the first derivative of 45*r**4/4 + r**3/3 + 1. What is the tens digit of d(1)?
4
Let j = -7 + 102. Suppose -f = -6*f + j. What is the tens digit of f?
1
Let v = -4 + -5. What is the tens digit of ((-93)/v)/(4/12)?
3
Suppose 38 = -2*l + 5*l - 2*q, 5*l - 3*q = 64. What is the units digit of l?
4
What is the tens digit of (-1 - 92)/((-42)/56)?
2
Let d(j) be the third derivative of -5*j**4/6 - j**3/6 - j**2. What is the units digit of d(-1)?
9
Suppose 3*f + f = 20. Suppose f*d - 201 = c, -3*d + 2*c + 2*c = -124. Suppose 0 = -5*l - 0*l + d. What is the units digit of l?
8
Let l = -49 - -71. Let k = -6 + l. What is the tens digit of k?
1
Let q = 4 - 4. Let v(o) = o**2 - 2*o - 1. Let p be v(-1). Suppose p*t - t - 2 = q. What is the units digit of t?
2
Suppose -30 = -5*f - 0*f. Let r = f + 39. What is the tens digit of r?
4
Suppose -5*a + 198 + 27 = 5*n, a - 145 = -3*n. What is the tens digit of n?
5
Let m(x) = x - 1. Let r be m(6). Suppose 0 = r*c + 25, o - 1 - 19 = 2*c. What is the units digit of o?
0
What is the units digit of (-261)/(-6)*(-2)/(-3)?
9
Let t be (0 + 1)/(1/(-6)). Let l(f) be the second derivative of -f**3/6 - f**2 + f. What is the units digit of l(t)?
4
Let o(f) = -2*f**3 - 2*f**2 + 3*f + 3. Let z be o(-2). Suppose -s + 27 = 4*b, -2*b - 59 = -2*s + z. Suppose -5*k = -s - 4. What is the units digit of k?
7
